a composite number?
True
Is 122493304597 prime?
True
Is 1039965299 composite?
False
Is 505992821 composite?
False
Is 69313897 prime?
True
Is 36812998531 prime?
True
Is 1474895879 composite?
False
Is 905109262 composite?
True
Is 48036765727 a composite number?
True
Is 3065992723 composite?
True
Is 93248875691 prime?
True
Is 81414160057 a prime number?
False
Is 5083975267 a composite number?
True
Is 16329425551 composite?
False
Is 255795511 a prime number?
False
Is 29272387211 a prime number?
False
Is 57847427797 prime?
False
Is 10100850941 composite?
False
Is 804174149 prime?
False
Is 24886879 a prime number?
True
Is 1605834253 composite?
True
Is 17068053031 composite?
True
Is 127874097101 a composite number?
False
Is 22942004791 a prime number?
True
Is 2039858143 prime?
True
Is 24701622541 a composite number?
True
Is 35605685449 a composite number?
False
Is 967049407 prime?
True
Is 754815811 prime?
False
Is 218690198 a composite number?
True
Is 8205880349 composite?
True
Is 946547891 a composite number?
True
Is 70608577547 a prime number?
False
Is 560310263 composite?
False
Is 2636234351 a composite number?
True
Is 1298604937 prime?
False
Is 7411754321 a prime number?
True
Is 91351747 a composite number?
True
Is 7178199239 a composite number?
False
Is 284743623 prime?
False
Is 2786116871 a prime number?
True
Is 49380858673 composite?
False
Is 316162423 composite?
True
Is 340035691 composite?
True
Is 7187699803 a composite number?
True
Is 44040417 a prime number?
False
Is 1661256589 a prime number?
True
Is 48916943 composite?
True
Is 174900749 a prime number?
False
Is 217745951 prime?
False
Is 8608277707 a prime number?
False
Is 1802512837 composite?
False
Is 510309461 prime?
True
Is 14533486339 prime?
True
Is 494843839 a prime number?
False
Is 471547509 a composite number?
True
Is 8249342105 a prime number?
False
Is 642070081 a composite number?
True
Is 451518026039 composite?
False
Is 4210424107 composite?
False
Is 502530211 a prime number?
False
Is 17579990189 a prime number?
True
Is 44990540949 a composite number?
True
Is 3027171461 composite?
False
Is 61064820221 prime?
False
Is 10364186977 a prime number?
True
Is 5558019139 prime?
True
Is 28477063 composite?
True
Is 33642704449 a composite number?
False
Is 12765793561 a prime number?
False
Is 66122845807 a composite number?
False
Is 8927797093 composite?
True
Is 1487882749 a composite number?
False
Is 3829578341 prime?
True
Is 6001726433 composite?
True
Is 14739986551 a composite number?
True
Is 1711904767 a composite number?
False
Is 13254548779 composite?
True
Is 43092528989 a composite number?
True
Is 15014778071 composite?
False
Is 986735263 a prime number?
False
Is 7001317759 a composite number?
False
Is 107138491 a prime number?
True
Is 3182825231 composite?
True
Is 3730485323 composite?
True
Is 465020821 a prime number?
True
Is 6975621409 prime?
True
Is 7677664079 composite?
False
Is 24177173359 prime?
True
Is 4442736613 a prime number?
False
Is 1043967409 prime?
True
Is 971694319 a composite number?
True
Is 852781915 composite?
True
Is 822520477 prime?
False
Is 101154737 composite?
True
Is 1534415693 composite?
True
Is 2123494781 composite?
False
Is 911390581 a prime number?
True
Is 16081813661 prime?
True
Is 326856623 a prime number?
False
Is 1723763113 composite?
False
Is 153757428803 composite?
True
Is 44431754 a prime number?
False
Is 420645437 prime?
False
Is 1548107381 a prime number?
True
Is 985723129 a prime number?
False
Is 7948594985 composite?
True
Is 3616413505 composite?
True
Is 3595729603 a prime number?
False
Is 1147601465 prime?
False
Is 718982611 prime?
False
Is 2709631709 a composite number?
False
Is 15904887907 prime?
False
Is 6325014433 composite?
False
Is 9489174901 prime?
True
Is 189507737 composite?
False
Is 128402364011 prime?
False
Is 1659639563 composite?
True
Is 35246088391 composite?
False
Is 4463717 composite?
True
Is 1553024371 prime?
False
Is 2616469069 a composite number?
False
Is 1426573991 prime?
True
Is 101492197613 composite?
False
Is 39614783623 a composite number?
False
Is 2588531081 prime?
True
Is 928466827 composite?
False
Is 211401778439 a prime number?
True
Is 28207701731 a composite number?
True
Is 36095757743 a composite number?
False
Is 6785740349 prime?
False
Is 863037739 prime?
True
Is 6284007029 a prime number?
True
Is 4927221583 a composite number?
True
Is 30675944599 a composite number?
False
Is 880120361 a prime number?
True
Is 1501608167 a prime number?
True
Is 7630331531 a composite number?
False
Is 5341980881 a composite number?
True
Is 63549414239 prime?
True
Is 248592948089 prime?
True
Is 38390034359 prime?
True
Is 18432681847 prime?
True
Is 27717056737 prime?
True
Is 2327852291 a composite number?
True
Is 28020542611 a prime number?
False
Is 18316942667 composite?
True
Is 2163697577 a composite number?
False
Is 1291568963 a composite number?
False
Is 5478060509 prime?
True
Is 4469269669 a composite number?
False
Is 255028133 composite?
False
Is 479016859 prime?
True
Is 493024547 a composite number?
False
Is 2533519381 prime?
True
Is 1080955091 composite?
True
Is 784721347 a composite number?
False
Is 614470643 composite?
True
Is 11444526733 a composite number?
True
Is 20992075811 composite?
True
Is 8272764703 a composite number?
True
Is 19926929623 composite?
False
Is 7755972689 a prime number?
False
Is 79842157 prime?
True
Is 791856917 composite?
False
Is 4506365077 a prime number?
True
Is 435757874 prime?
False
Is 471231329 composite?
False
Is 84890481483 a prime number?
False
Is 24496814449 a composite number?
False
Is 2428704673 prime?
False
Is 70310909549 prime?
True
Is 153338221 a composite number?
False
Is 249397529 a prime number?
False
Is 28902029 a composite number?
True
Is 53702740193 a composite number?
False
Is 3268430257 composite?
True
Is 13657327 prime?
False
Is 559217119 prime?
True
Is 151608388651 a composite number?
False
Is 389754831 a composite number?
True
Is 128804958197 prime?
True
Is 6745929038 a prime number?
False
Is 338999249 a prime number?
False
Is 2129310097 composite?
False
Is 9765933301 a composite number?
True
Is 3151356083 composite?
False
Is 20941239587 a prime number?
True
Is 1039373807 prime?
True
Is 580211483 a prime number?
True
Is 8790386581 composite?
True
Is 1589975906 a composite number?
True
Is 1764274829 a prime number?
True
Is 61426543421 a composite number?
False
Is 284243291 prime?
True
Is 31414783163 a composite number?
False
Is 90381257 a composite number?
True
Is 1798492393 a prime number?
False
Is 1763217767 a prime number?
True
Is 6342178813 prime?
False
Is 221778373 composite?
False
Is 36435135847 composite?
True
Is 14968212187 a prime number?
False
Is 422744909 composite?
True
Is 8575217357 prime?
False
Is 5315967919 a prime number?
False
Is 10001052739 a composite number?
False
Is 32364053 a prime number?
False
Is 638750851 composite?
False
Is 613111229 a composite number?
True
Is 897108739 composite?
False
Is 10251720431 a composite number?
False
Is 2635816151 prime?
False
Is 1142458411 prime?
True
Is 218172743 a prime number?
True
Is 27119361443 a prime number?
False
Is 184307640937 composite?
True
Is 13722660079 a composite number?
False
Is 2855662471 prime?
True
Is 10190711849 prime?
True
Is 395504591 a prime number?
True
Is 2859251989 a prime number?
False
Is 35435139227 prime?
False
Is 8480909011 composite?
True
Is 51322448549 a composite number?
False
Is 4433527471 a composite number?
False
Is 11948624239 a prime number?
True
Is 90941509 a composite number?
True
Is 818179751 composite?
False
Is 988976321 a prime number?
False
Is 192444481 a composite number?
False
Is 102779179 a composite number?
False
Is 4827271213 prime?
True
Is 620186101 composite?
True
Is 8188355647 a composite number?
False
Is 40842707 prime?
True
Is 2569590839 a composite number?
False
Is 4061076457 a composite number?
False
Is 9901399219 a composite number?
True
Is 167141027 a prime number?
True
Is 1305865973 a composite number?
False
Is 4919855303 a composite number?
True
Is 562217411 composite?
True
Is 54344197 a prime number?
True
Is 201761311 a composite number?
False
Is 94688721467 a prime number?
True
Is 142686248629 composite?
True
Is 11965263881 composite?
False
Is 2403235837